l = 3*y. Let k = y + 7. Suppose -3*b - 1988 = -k*b. Is b prime?
False
Suppose 3*p - 25512 = -5*g, -p + 2*g = -g - 8518. Is p prime?
False
Suppose r - 5*d + 55 = -6*d, 0 = 4*r - d + 245. Is (-86782 + 0)*r/120 a composite number?
False
Let c(u) = u**2 - 14*u + 12. Let p be c(5). Let t be -2 + (-568)/(-22) + (-6)/p. Let g(r) = -r**3 + 26*r**2 - 19*r + 35. Is g(t) a prime number?
False
Suppose 63*f = 78*f - 44*f + 2680499. Is f prime?
True
Suppose 6*a = -0*a + a. Suppose a = x - 0*x - 15. Is 1174/(10/x*3) a prime number?
True
Let c(o) = 5 - 323*o**2 + 367*o**2 - 48 - 2*o. Is c(-5) composite?
True
Let m(v) = v**3 + v**2 + 3*v + 3. Let d(c) = -3*c**3 - 2*c**2 - 7*c - 7. Let j(p) = -2*d(p) - 5*m(p). Let y be j(2). Is -1031*(y - 0)/(-1) prime?
True
Suppose t + 51 = 48, 0 = -l + 2*t + 7482. Suppose -u - l = -13*u. Is u prime?
False
Let y be 3/(1/2*2). Let d(c) = -27 - 2195*c + 2972*c + 29. Is d(y) composite?
False
Suppose 257*y - 203449646 - 98888484 = 43*y. Is y composite?
True
Suppose -j - 26305 = -s - 118209, -459525 = -5*j + 4*s. Is j a composite number?
False
Let v be (-7 - 78/(-12))/(2/54172). Let w = v + 19992. Is w composite?
False
Is (-45)/10 + 4 - 315115/(-10) a prime number?
True
Let u(g) = 334*g**3 - g**2 + 8*g - 2. Let t(z) = -3*z**3 + 2*z**2 + 5*z + 3. Let l be t(-1). Is u(l) a composite number?
True
Let m = -252841 - -557524. Is m a prime number?
False
Let k be -3 + 7 - 2 - -1402. Suppose 688 = t + t + 3*g, g + k = 4*t. Is (-10)/(t/21) - (-1258)/5 a prime number?
True
Suppose 220834 = -99*q + 101*q + 5*n, q = n + 110403. Is q a composite number?
True
Let f = -67113 + 178580. Is f composite?
False
Suppose 4*p = -4*z - 627 + 227, 4*p = -12. Let k = 100 + z. Let o(g) = 10*g**3 + 3*g**2 - 2*g + 4. Is o(k) a prime number?
False
Suppose -3*r = 0, 2*c = 5*c + r - 72. Is (256/c + -10)*4101/2 a prime number?
True
Suppose 12 = -11*m + 1. Is (12 + 1965)*(2 + m) composite?
True
Let r = -173 - -185. Suppose r*h - 28007 - 10597 = 0. Is h prime?
True
Let o(z) = z. Let g(q) = -4*q**2 + 12*q + 9. Let m(d) = -g(d) + 6*o(d). Let t be m(6). Suppose -4*j + 137 = -t. Is j a prime number?
True
Suppose 0 = -16*k + 39531 + 186085. Is k a prime number?
False
Let p(g) = 4*g**2 - 1. Let z be p(3). Suppose z = 10*i - 3*i. Suppose -i*o = -y - 2*y + 346, -5*y = o - 614. Is y a composite number?
True
Let z(q) be the third derivative of 7*q**4/24 - 20*q**3/3 - 6*q**2. Let b be z(6). Suppose w + 65 = 3*s, 0 = -s + b*w + 2 + 13. Is s a prime number?
True
Suppose 33 = 9*w - 3. Suppose -45 = -w*t - 33. Is ((28/8)/(-1) + t)*-3022 prime?
True
Suppose 3*q - 21 = -c, -7*q = -3*c - 2*q + 7. Let b(u) = 19*u**2 - 17*u + 73. Is b(c) prime?
True
Suppose -705168 - 91662 = -10*m. Is m a prime number?
False
Let y = 960306 + -438383. Is y a prime number?
True
Let f(i) be the third derivative of 56*i**5/15 + 5*i**4/12 + 7*i**3/6 + 47*i**2. Is f(3) composite?
False
Let l(m) = 10*m**3 - 33*m**2 + 15*m - 291. Is l(22) prime?
True
Let a be ((-1932)/(-115))/((-6)/(-220)). Let f be (-38)/4*(-186 - 0). Let k = f - a. Is k prime?
True
Let v be 24/(-6) - -33833 - 1. Suppose -3*g - 9*g = -v. Is g composite?
False
Suppose -4*c = -4*r - 0*r - 624, 2*r = -c + 144. Let i = 1069 + -708. Let z = i - c. Is z prime?
False
Let l = 31 - 28. Let a be (-4)/14 - (-148)/84*l. Suppose 0 = 6*s - a*s - 251. Is s prime?
True
Suppose 17*j - 9613396 = 22*j - 57*j. Is j a prime number?
False
Let i(r) = -408*r - 43. Suppose 51*u - 20 = 53*u. Is i(u) a composite number?
True
Suppose 152*t - 38944677 = -235*t + 6*t. Is t a composite number?
False
Suppose -5*i = -12*i + 4*i. Suppose i = -3*g - 9, 0*c - 5*g = -c + 27. Is (8/c)/(2/3423) a composite number?
True
Suppose -27*i + 9*i + 154614 = -12*i. Is i composite?
True
Let x(t) = t**2 - 8*t + t**3 + 17 + 29 - 12*t**2 - t**2. Is x(21) prime?
True
Let x(b) = 2268*b + 1299. Is x(10) prime?
False
Suppose 5*l = -5*a + 95230, -4*l = -4*a - 5866 + 82026. Is a a prime number?
False
Let d(m) be the second derivative of -80*m**3/3 - 8*m**2 + 12*m. Let f be d(-9). Suppose 334 - f = -5*q. Is q composite?
True
Let i(w) = w**3 - 15*w**2 - 12*w - 34. Let h be i(16). Suppose 18 = -4*a - h. Is 1/((-8)/(-954)) + 3/a a composite number?
True
Let o(c) = -3*c**3 + 269*c**2 + 151*c - 155. Is o(88) a composite number?
False
Let q(w) be the third derivative of -6*w**2 - 155/24*w**4 + 0 + 0*w - 7/6*w**3. Is q(-10) a prime number?
True
Let c(l) = -109*l + 7554. Is c(15) a prime number?
False
Suppose 93*o - 96*o + 279137 = -2*i, -465229 = -5*o + 3*i. Is o prime?
True
Let n = 33983 - 17716. Suppose 0 = j - 2*d - 4109, -3*j - 3908 = 2*d - n. Is j prime?
False
Suppose -3*m = n - 296739 - 154042, -3*n = 3*m - 1352367. Is n composite?
True
Suppose 18 = 2*r + r. Let h be (-1243200)/36 + (-1 - (-2)/r). Is (-30)/225 + h/(-30) a composite number?
False
Let x(m) = -4*m**3 + 11*m**2 + 13*m + 11. Let p be x(-5). Let i = 2012 - p. Is i a composite number?
False
Suppose -88*y + 1590242 + 321734 = 0. Is y prime?
True
Let s(x) = x**3 + x**2 - 19*x + 5. Let r be s(-5). Suppose r = -11*u + 4946 + 37107. Is u prime?
True
Let j(p) = 3147*p**3 - 4*p**2 + 6*p + 30. Is j(4) prime?
False
Let c be -2136 - (68/20 - (-4)/(-10)). Let d be -6 - -5 - (0 + c). Suppose -x - d = -3*x. Is x a prime number?
True
Let r = 14068 + -6435. Is r a composite number?
True
Let z(f) be the first derivative of 11*f**6/60 - f**5/20 + 11*f**4/24 + 14*f**3/3 - 4. Let j(d) be the third derivative of z(d). Is j(3) a composite number?
False
Suppose -127 = 72*q + 29*q - 26. Let i be ((-2)/(-6))/(3/18). Is 1356 - (10 + -12)/(i/q) a composite number?
True
Let x = -473 - -12324. Is x prime?
False
Suppose 16 = -0*r - 2*r - 2*x, 2*r - 2*x + 24 = 0. Is (158*(-5)/r)/((-1)/(-3)) a composite number?
True
Let k = 55 + -57. Let a be 0*k/4*9/(-18). Suppose 4*f - 4*p - 2268 = a, 2*f + 3*p = -0*p + 1114. Is f a prime number?
True
Let t(b) = -14*b - 32. Let u(y) = 5*y + 11. Let s(z) = -4*t(z) - 11*u(z). Let i be s(14). Suppose 2*r - 225 - i = 0. Is r composite?
True
Suppose -31567 = -j - 3*j - 3*y, -3*j = 4*y - 23684. Let a = 721 + j. Is a prime?
True
Suppose 4*f = f + 3*p + 1214331, -p = -3*f + 1214323. Is f a composite number?
False
Let t(y) = -2*y**2 + 19*y. Suppose 48 = 5*l + 3. Let z be t(l). Is z/(-12) - ((-7660)/16 + -3) composite?
True
Let i be 2/4 + 7/2. Suppose 3*f = -3*v - 0*f - 30, i*v + 15 = f. Is 40/16*(-1114)/v a composite number?
False
Let j = -62841 + 111492. Is j composite?
True
Let p = -1099 + 2913. Is p a composite number?
True
Suppose 10*l - 5*b - 386 = 9*l, -4*b + 368 = l. Suppose 5*z - 8 = a, 2*z = 4*a - 2*z. Is a*(l - -3)*3/6 composite?
False
Suppose -635*x = -601*x - 6762566. Is x a prime number?
True
Let d = 10837 + 47282. Is d composite?
True
Suppose 0 = d + 3*x - 37780, -14*x - 25410 + 100930 = 2*d. Is d a composite number?
True
Let r(k) = -11*k**2 + 35*k + 7. Let i be r(3). Suppose -35811 = -i*y + 4*y. Is y prime?
False
Let u(y) = -y**2 - 27*y - 50. Let d be u(-17). Suppose -d*p + 123*p - 16671 = 0. Is p a prime number?
True
Let t be 6249 - (3/3 + -8 + 4). Suppose 7*x = -5*x + t. Is x a prime number?
True
Suppose 40*r - 92841 = 37*r. Is r a composite number?
True
Suppose 1393*y = 1393*y - 3*x, 0 = -2*y + 4*x + 271406. Is y composite?
True
Let b(y) = y**3 + 39*y**2 - 5*y - 312. Is b(-23) prime?
False
Is ((-1262)/8)/((-2)/44)*2 composite?
True
Let m be -2*(-1)/(-3)*54/(-4). Let a(w) = -4*w**2 + 9*w - 853. Let j(c) = c**2 - 2*c + 213. Let g(u) = m*j(u) + 2*a(u). Is g(0) a composite number?
False
Let i(a) = 248*a**2 + 33*a - 244. Is i(-17) composite?
False
Let u be (16*191/5)/((-2)/(-30)). Is (51/(-9))/((-16)/u) a prime number?
False
Suppose 382880 = 5*p + 3*j, 7*p - 76594 = 6*p + 3*j. Is p prime?
True
Suppose -1585299 = -95*n + 14522236. Is n prime?
True
Suppose -3*j + 2*j + 164223 = n, 26*j + 4*n = 4269974. Is j composite?
False
Is (-33 - (-4282649)/(-245))*(-1 - 3/2) a composite number?
False
Let x(p) = 10 + 6 - 4 - 201*p + 199*p. Let b be x(5). Suppose b*a - 2395 = -3*a. Is a composite?
False
Let q(n) be the third derivative of 0 + 0*n + 11/6*n**3 + 17*n**2 - 19/6*n**4. Is q(-12) composite?
True
Suppose -3*v + 2*g + 10283 = 0, -5*v + 3*g + 17137 = -0*v. Suppose -8*x - v = -3*x. Is (-2)/(-4) - 1/(10/x) prime?
False
Is (-1)/(-4) - (-12